base 9.
175
What is 6a (base 11) in base 4?
1030
-13422 (base 5) to base 11
-921
Convert -230553 (base 6) to base 5.
-1112103
26a (base 16) to base 8
1152
44d (base 15) to base 4
33031
Convert 211120 (base 4) to base 12.
1474
-1001000011110 (base 2) to base 16
-121e
What is -21420 (base 5) in base 8?
-2715
What is 13224 (base 6) in base 11?
1588
What is 3435 (base 6) in base 12?
57b
d (base 15) to base 2
1101
Convert 44411 (base 6) to base 11.
4726
What is -5357 (base 10) in base 7?
-21422
What is 2443310 (base 5) in base 16?
b671
Convert 15453 (base 15) to base 12.
33766
Convert -458 (base 11) to base 12.
-397
What is -4137 (base 11) in base 6?
-41221
What is 2a6a (base 16) in base 2?
10101001101010
What is -391 (base 10) in base 14?
-1dd
-1a3f (base 16) to base 15
-1ece
What is 4a18 (base 15) in base 8?
36635
Convert 10035 (base 7) to base 14.
c55
212000 (base 3) to base 12
439
-211110 (base 3) to base 14
-314
-100302 (base 4) to base 2
-10000110010
What is -56137 (base 8) in base 10?
-23647
-1011001111010110 (base 2) to base 14
-12ac6
3605 (base 7) to base 11
aa8
What is 2351 (base 6) in base 4?
20323
-1762 (base 9) to base 2
-10101001000
Convert -11019 (base 10) to base 5.
-323034
-b42 (base 15) to base 12
-1575
Convert -13430 (base 9) to base 12.
-5323
Convert -11001100000011 (base 2) to base 4.
-3030003
-1b85 (base 14) to base 6
-35121
-1202101022 (base 3) to base 16
-86ed
What is -2110302 (base 4) in base 15?
-2c4c
5503 (base 7) to base 3
2200201
What is 102120221 (base 3) in base 10?
8449
1031020 (base 5) to base 3
220012011
-2399 (base 16) to base 8
-21631
9b (base 12) to base 11
a9
40322 (base 5) to base 13
1240
4240 (base 5) to base 15
280
Convert 10352 (base 6) to base 5.
21221
Convert a4a0 (base 11) to base 9.
21058
Convert -1611 (base 10) to base 11.
-1235
What is -1121111 (base 3) in base 6?
-5234
-14233 (base 7) to base 9
-5307
-1413 (base 6) to base 8
-561
What is -2100023 (base 4) in base 8?
-22013
13020103 (base 4) to base 3
1111001121
What is 14f0 (base 16) in base 14?
1d4c
What is -46a5 (base 11) in base 14?
-2365
What is 12a8a (base 12) in base 7?
135016
Convert 775 (base 10) to base 6.
3331
What is -3143234 (base 5) in base 15?
-10a49
1309 (base 10) to base 8
2435
What is 11565 (base 9) in base 8?
17112
What is 20bf (base 16) in base 12?
4a27
What is -1289 (base 12) in base 16?
-849
3364 (base 16) to base 9
20037
What is -112330 (base 4) in base 11?
-1115
Convert 1133 (base 8) to base 14.
311
Convert 3727 (base 9) to base 16.
adb
Convert -133130 (base 5) to base 12.
-3173
What is -341 (base 8) in base 10?
-225
-211221210 (base 3) to base 11
-11633
Convert -512 (base 14) to base 11.
-826
What is -5106 (base 10) in base 15?
-17a6
4041 (base 10) to base 9
5480
Convert 98 (base 14) to base 8.
206
1277 (base 10) to base 13
773
What is -10111100101 (base 2) in base 5?
-22014
What is 5240 (base 6) in base 9?
1546
What is 1010010000111 (base 2) in base 11?
3a48
-1010011111011 (base 2) to base 10
-5371
Convert -150b (base 12) to base 5.
-34314
220050 (base 7) to base 4
21120303
100021112 (base 3) to base 10
6764
What is 45c8 (base 15) in base 2?
11100111011101
What is 494 (base 11) in base 5?
4322
What is -101211 (base 3) in base 11?
-246
Convert -3516 (base 10) to base 15.
-1096
Convert -5a2 (base 14) to base 8.
-2142
-12776 (base 8) to base 12
-3312
17588 (base 9) to base 13
56b7
-1231214 (base 5) to base 15
-7159
1155 (base 10) to base 8
2203
What is 6d0 (base 15) in base 16?
609
Convert -5517 (base 11) to base 12.
-4266
-1143 (base 14) to base 10
-2999
1d3d (base 15) to base 4
1203112
10a18 (base 11) to base 14
5ad8
-1011010 (base 2) to base 6
-230
-1673 (base 11) to base 16
-859
Convert -10111220 (base 3) to base 9.
-3456
54c (base 14) to base 10
1048
139 (base 12) to base 13
117
11541 (base 11) to base 7
66314
Convert 2516 (base 12) to base 16.
1062
-1022102 (base 3) to base 14
-4c4
-523 (base 14) to base 4
-33303
Convert 111232 (base 5) to base 11.
2a64
What is 11413 (base 5) in base 15?
3c3
2121112200 (base 3) to base 7
302634
What is 7746 (base 11) in base 3?
112000022
What is -303014 (base 5) in base 16?
-261f
-4428 (base 10) to base 8
-10514
What is 20000021 (base 3) in base 5?
120011
-25102 (base 6) to base 15
-1175
2334 (base 6) to base 13
343
Convert -553055 (base 6) to base 13.
-17c5a
Convert -212112112 (base 3) to base 4.
-10030013
200253 (base 6) to base 10
15657
Convert -2100021002 (base 3) to base 16.
-b426
Convert c31 (base 13) to base 15.
92d
What is -718 (base 9) in base 14?
-2da
What is -2a9 (base 13) in base 9?
-580
752 (base 13) to base 12
882
What is 22036 (base 8) in base 14?
3526
What is 2543 (base 9) in base 14?
99c
-4152 (base 6) to base 4
-32210
Convert -93 (base 10) to base 4.
-1131
9383 (base 12) to base 6
202243
What is -7 (base 12) in base 5?
-12
-10011111100110 (base 2) to base 12
-5ab2
-1040330 (base 5) to base 4
-10130213
912 (base 10) to base 4
32100
What is -20341 (base 5) in base 6?
-10122
Convert 2443 (base 6) to base 9.
740
What is 55b (base 12) in base 13?
48b
Convert -1735 (base 8) to base 10.
-989
-4133 (base 6) to base 7
-2454
What is -1010001001010 (base 2) in base 8?
-12112
Convert -4152 (base 8) to base 5.
-32104
What is -10236 (base 11) in base 14?
-561c
Convert -22333 (base 13) to base 3.
-10011010201
What is 117454 (base 8) in base 5?
2300443
Convert 1010121 (base 3) to base 4.
30322
7a0 (base 16) to base 11
1515
Convert -26 (base 8) to base 12.
-1a
Convert 351 (base 9) to base 7.
562
Convert 300221 (base 6) to base 13.
a870
-1c0 (base 16) to base 14
-240
What is -59 (base 14) in base 12?
-67
Convert -33646 (base 7) to base 14.
-3196
Convert 1871 (base 12) to base 2.
101110010101
Convert -11306 (base 12) to base 15.
-6bbc
-23131 (base 4) to base 8
-1335
-4155 (base 7) to base 6
-10433
What is 1111201101 (base 3) in base 5?
1422213
-4c4 (base 14) to base 5
-12311
What is -21103 (base 4) in base 11?
-4a1
What is -ee (base 15) in base 12?
-168
What is 627 (base 15) in base 4?
111223
Convert 1666 (base 10) to base 3.
2021201
-1874 (base 12) to base 11
-2259
122053 (base 6) to base 10
10833
What is 13402 (base 8) in base 2?
1011100000010
684 (base 11) to base 3
1010022
Convert -1111211 (base 3) to base 15.
-4d7
What is -b5 (base 12) in base 8?
-211
Convert -37b (base 13) to base 15.
-2a9
-51a (base 14) to base 2
-1111101100
What is 540441 (base 6) in base 2?
1010110011001001
What is -103344 (base 6) in base 7?
-33646
Convert 1526 (base 7) to base 10.
608
What is -20 (base 8) in base 14?
-12
What is -2055 (base 6) in base 9?
-568
Convert -145431 (base 7) to base 2.
-110111010111000
What is 4041 (base 8) in base 7?
6032
Convert -3260 (base 10) to base 15.
-e75
Convert -20404 (base 6) to base 5.
-41430
1414 (base 7) to base 9
671
What is 10100001001 (base 2) in base 5?
20124
Convert -c7 (base 16) to base 5.
-1244
What is 18e (base 16) in base 10?
398
-6793 (base 16) to base 5
-1322030
1358b (base 12) to base 11
19106
What is 100010021 (base 3) in base 12?
3a21
-875 (base 9) to base 11
-5a1
11d2 (base 15) to base 11
2942
What is -11c4a (base 14) in base 11?
-2a817
-236 (base 8) to base 7
-314
Convert -2b27 (base 12) to base 16.
-13cf
Convert -2221221 (base 3) to base 7.
-6202
Convert -13303 (base 6) to base 5.
-31210
-a76 (base 15) to base 14
-c09
Convert 101100100 (base 2) to base 8.
544
Convert -50353 (base 6) to base 10.
-6621
What is 1078 (base 14) in base 7?
11211
What is 577 (base 10) in base 13?
355
-274c (base 14) to base 8
-15420
-11043 (base 5) to base 10
-773
What is 459 (base 10) in base 2?
111001011
What is -52406 (base 7) in base 9?
-18615
Convert 2a5 (base 11) to base 10.
357
49c (base 16) to base 6
5244
What is 25c (base 15) in base 16?
219
Convert 144133 (base 5) to base 9.
8413
4214 (base 5) to base 6
2331
50505 (base 9) to base 13
12170
Convert 347 (base 15) to base 13.
451
What is 2748 (base 14) in base 7?
26121
6cc (base 13) to base 4
102132
Convert -10010000100 (base 2) to base 4.
-102010
3210001 (base 4) to base 2
11100100000001
-17011 (base 9) to base 8
-26632
Convert -4060 (base 10) to base 3.
-12120101
Convert 111011100000001 (base 2) to base 8.
73401
2134001 (base 5) to base 8
107617
Convert -194 (base 15) to base 3.
-111111
Convert 1be (base 16) to base 